. Suppose m*d = 3*d - 33. Calculate the highest common factor of d and 121.
11
Suppose 3*g + 24 = 3*o, -24 = -5*o - 2*g + 9. Let f be 2*((o - -1) + -2). Let y = 6 + -3. Calculate the greatest common factor of f and y.
3
Let j be 38/9 + 4/(-18). Suppose -5*z + 3*t = -36, 0*z - 3 = -2*z + 5*t. Let i = -5 + z. Calculate the greatest common divisor of i and j.
4
Let v(w) = 2*w - 1. Let r be v(3). Suppose 31 + 119 = r*l. Suppose -3*n + 8 = -10. Calculate the greatest common divisor of l and n.
6
Suppose 3*t = 7*t - 8. Suppose 0 = t*q + 3*q - 320. Let a be (-4)/(-6)*-3 + 10. Calculate the highest common factor of q and a.
8
Let f be -1 - 5/(10/(-44)). What is the highest common divisor of f and 14?
7
Let y = 6 - 2. Let o = -4 + y. Suppose -3*l = -5*w - 8*l - 15, o = -3*w - 5*l - 17. Calculate the highest common divisor of w and 4.
1
Let i(l) = 2*l + 4. Let f be i(5). Let p(v) = -v**2 - 11*v - 9. Let w be p(-6). Calculate the highest common factor of f and w.
7
Let m(c) = c**3 - 3*c**2 + 3*c - 4. Let p be m(3). Suppose 0 = -p*x - 0*x + 150. Suppose 2*a - x = a. Calculate the highest common factor of 6 and a.
6
Let b = 541 - 101. What is the highest common divisor of b and 40?
40
Let b(s) = s**2 + 8*s + 22. Let v be b(-9). What is the greatest common divisor of 93 and v?
31
Suppose -2*c = 8 - 128. Suppose -2*z + 91 = -3*m - 44, 3*m + 351 = 5*z. Suppose -5*j + z = -2*j. What is the greatest common factor of c and j?
12
Let g = -33 - -51. Suppose 4 = -b - 2*s + 12, -5*b - 2*s + 56 = 0. Calculate the greatest common divisor of g and b.
6
Suppose -8 = 5*b + 32. Let w(k) = 3 + k + 2*k + 8 - 2*k. Let v be w(b). What is the highest common divisor of v and 15?
3
Let i(g) = -2*g**3 + g**2 - 4*g - 2. Let j be i(-4). Let n = -50 + j. Calculate the greatest common factor of n and 12.
12
Suppose -5*v + 5*n + 361 = 11, -2*v = 2*n - 148. What is the greatest common divisor of 9 and v?
9
Let g = 5 - 3. Let o(p) = 2*p - 7. Let m(j) = -j + 3. Let w(u) = g*o(u) + 5*m(u). Let c be w(-3). Calculate the highest common factor of 1 and c.
1
Suppose -5*l + 18 = 3*r, 2*l = -0*l + 5*r + 1. Suppose -l*v = v - 608. What is the greatest common factor of 19 and v?
19
Let p be (-1)/(3 + (-26)/9). Let c be 30/p*(-9)/2. Let w be 15/2*1*10. Calculate the highest common factor of w and c.
15
Suppose -c + 52 = 3*c. What is the highest common divisor of 91 and c?
13
Suppose -5*d = -6*o + 5*o - 25, -3*o - 9 = -4*d. Calculate the highest common factor of d and 24.
6
Let p = 7 - 10. Let n be 26*(-3)/18*p. Let u be 11 + (-2 - (0 - 4)). Calculate the greatest common factor of u and n.
13
Let i be (-3)/(5/(20/(-3))). Suppose -l - 5*c = -4*l + 124, 2*l - 46 = -i*c. What is the highest common divisor of 22 and l?
11
Let g(l) = 7*l**2 + l. Let b be g(1). Let h = -5 + b. Let m(z) = 22*z - 1. Let a be m(h). What is the greatest common factor of a and 13?
13
Let b(g) = g + 14. Let n be b(-11). Let x(i) = -5*i**2 - 6*i - 1 - n - 4 + 4 - 3*i**3. Let t be x(-4). What is the greatest common divisor of 12 and t?
12
Suppose 4*j - 4*m = 140, -5*m - 35 = -2*j + 20. Calculate the greatest common divisor of j and 100.
20
Let i be ((-56)/32)/((-2)/56). Let r = 28 + i. What is the greatest common factor of r and 11?
11
Suppose 0 = 4*x - 3*p - 388, -392 = -3*x - x + 4*p. Suppose -4*l + x = -66. Suppose -4*d + 40 = -l. What is the highest common divisor of 8 and d?
4
Let f = -4 + 7. Suppose -220 = f*u - 8*u. Calculate the greatest common divisor of u and 66.
22
Let y(v) = 37*v + 1. Let u be y(1). Let x(r) = r**3 + 4*r**2 + 5. Let w be x(-4). Suppose 17 = w*c - u. What is the greatest common divisor of 33 and c?
11
Suppose 4*i - 880 = -16*i. What is the highest common divisor of i and 132?
44
Let l(h) = -6*h + 79. Let f be l(13). Let u(d) = d + 3. Let a = 7 + -3. Let m be u(a). What is the highest common divisor of m and f?
1
Let l be 2/4 + (-69)/(-6). Let d be (-2 + 3)*(-2)/(-5)*240. Calculate the greatest common divisor of l and d.
12
Suppose -5*q + 75 = -0*v + 5*v, -3*q - 4*v + 49 = 0. What is the highest common factor of q and 55?
11
Let n(b) = b**3 - 5*b**2 - 4*b - 1. Let o be n(6). Let p = 21 - 10. Calculate the greatest common divisor of p and o.
11
Let c be 1/(-3) + 64/12. Let i = 9 - c. Let f be (6/i)/((-3)/(-18)). Calculate the greatest common divisor of 27 and f.
9
Suppose -a = 3*p - 33, -4*a = 5*p - 0*p - 62. What is the highest common divisor of p and 10?
10
Suppose -3*n + 6*n = 150. Let w(q) = q**3 + 7*q**2 + 6*q. Let p be w(-5). Calculate the greatest common factor of p and n.
10
Let u(l) = 3*l**2 + 23*l + 6. Let b be u(-9). What is the greatest common factor of b and 21?
21
Let r = 5 + -6. Let p be (1/2)/(r/(-182)). Calculate the highest common factor of 13 and p.
13
Let k(p) be the third derivative of -4*p**2 + 0 + 0*p - 1/3*p**3 - 7/12*p**4. Let m be k(-3). What is the greatest common factor of 5 and m?
5
Let s = 9 - 8. Calculate the greatest common divisor of 1 and s.
1
Suppose -20 = -4*a - 4*o, -5*a = -5*o - 16 + 1. Suppose -a*u = 15 - 123. What is the greatest common factor of u and 27?
27
Suppose -3*f + 41 = -5*l - 0*l, 3*f - l - 61 = 0. Let q = -221 + 397. Calculate the greatest common factor of f and q.
22
Let j(t) = t**2 - t + 14. Let u be j(0). Let w(k) = 3*k**2 - 7*k + 2. Let b be w(-5). What is the highest common factor of b and u?
14
Let r(a) = -3*a**3 + a - 1. Let t be r(1). Suppose 5*b + 34 = -3*k, -4*k + 13 = -2*b - 5*k. Let u = t - b. What is the greatest common divisor of 6 and u?
2
Suppose -6*w + 3 = -5*w. What is the greatest common factor of 1 and w?
1
Suppose 5*v - b - 42 = -14, 3*v = -3*b + 6. Calculate the greatest common factor of 2 and v.
1
Let s(x) = 3*x**2 + x + 4. Let p(c) = 15*c**2 + 6*c + 21. Let z(v) = -2*p(v) + 11*s(v). Let i be z(-2). What is the highest common divisor of 4 and i?
4
Let b be (4 - 3 - -4)*1. Let n be 13 + (3 - b - 2). What is the greatest common divisor of n and 9?
9
Suppose -4*t - 12 = -5*u, 0*t = -u + 4*t - 4. Calculate the greatest common divisor of 1 and u.
1
Let n be 2/((-8)/12) - -75. Calculate the highest common factor of 24 and n.
24
Let a(m) = -m**2 - 7*m + 12. Let n be a(-9). Let l be n*3/(-9)*4. Suppose -l = -2*t + 16. What is the highest common divisor of 84 and t?
12
Let q(d) = -17*d**2 - 9*d - 7. Let n(w) = -8*w**2 - 5*w - 4. Let f(o) = 7*n(o) - 4*q(o). Let a be f(-1). Calculate the greatest common factor of a and 88.
11
Let u = 18 + -24. Let b = u + 29. Calculate the highest common divisor of b and 92.
23
Let r(n) = -n**3 - 2*n**2 + 6*n + 4. Let l be r(-4). Let q be 1*(-1)/(-2)*0. Suppose q = j + 7 - 115. What is the highest common factor of j and l?
12
Let v = 60 + -48. What is the greatest common divisor of v and 6?
6
Let s = 61 + -25. Let p = -12 + s. Suppose -6*k + k + 159 = 4*u, 5*u = 4*k + 168. What is the highest common divisor of p and u?
12
Let h be (0 + 0)/(4 + -2). Suppose g + 5*c = 20, -3*g - 30 = -h*c - 3*c. Let z be (-12)/18*3*g. Calculate the greatest common factor of 80 and z.
10
Suppose 0 = 5*o - 352 - 1323. Suppose 3*d = 4*c - 440, 3*c = 3*d - 2*d + o. Let a = c - 43. What is the highest common divisor of 10 and a?
10
Let o(b) = b**2 - 3*b + 6. Let m be o(6). Calculate the greatest common factor of m and 48.
24
Let r = 5 + -4. Calculate the greatest common factor of 2 and r.
1
Let z(r) = -r**2 + 6*r + 4. Let w be (5 - 20)*6/(-10). Suppose -g + w = 4. Let d be z(g). What is the greatest common divisor of d and 9?
9
Suppose 0*a = -4*a + 8. Let f be a/4*2*2. Let l = -71 + 89. Calculate the highest common factor of l and f.
2
Suppose -9*r + 26 = -8*r. Let c be 2 + 2/(6/189). What is the highest common divisor of c and r?
13
Let q be 0*-1*(0 + 1). Let n be (q + 20)/(4/12). Suppose -3*y + y = -48. Calculate the greatest common factor of n and y.
12
Let z be 4/((-8)/6)*5. Let d = 37 + z. What is the greatest common divisor of d and 2?
2
Suppose -3*n + 4*u = -n - 208, -4*u = 0. Calculate the greatest common divisor of n and 8.
8
Let d(p) = 2*p - 5. Let y be d(10). Let k be 230/y - 4/(-6). Let t = 12 + -8. Calculate the highest common divisor of t and k.
4
Suppose t - 5*h + 2*h - 11 = 0, -14 = 2*t + 3*h. Let u be 4/(t/(-3 + -3)). What is the highest common divisor of 16 and u?
8
Let s = -3 - -13. Let i(n) = -n**3 + 2*n**2